he remainder when 92788 is divided by 44?
36
Calculate the remainder when 12285 is divided by 3069.
9
What is the remainder when 13398 is divided by 1914?
0
Calculate the remainder when 4893 is divided by 80.
13
Calculate the remainder when 23753 is divided by 601.
314
What is the remainder when 14564 is divided by 7279?
6
Calculate the remainder when 394263 is divided by 491.
481
What is the remainder when 357498 is divided by 10?
8
What is the remainder when 151159 is divided by 413?
1
Calculate the remainder when 7560 is divided by 1765.
500
What is the remainder when 41181 is divided by 821?
131
Calculate the remainder when 2179 is divided by 312.
307
Calculate the remainder when 1222 is divided by 138.
118
What is the remainder when 1207 is divided by 1033?
174
What is the remainder when 43314 is divided by 471?
453
Calculate the remainder when 57310 is divided by 11461.
5
What is the remainder when 353153 is divided by 213?
212
Calculate the remainder when 127467 is divided by 48.
27
Calculate the remainder when 10022 is divided by 1640.
182
What is the remainder when 23148 is divided by 5782?
20
What is the remainder when 874321 is divided by 2117?
0
Calculate the remainder when 1869 is divided by 61.
39
What is the remainder when 39191 is divided by 19514?
163
Calculate the remainder when 4086 is divided by 1229.
399
Calculate the remainder when 98597 is divided by 50.
47
Calculate the remainder when 55705 is divided by 173.
172
Calculate the remainder when 7753025 is divided by 893.
892
What is the remainder when 129535 is divided by 1619?
15
What is the remainder when 5012 is divided by 654?
434
Calculate the remainder when 92958 is divided by 15482.
66
What is the remainder when 2207 is divided by 29?
3
Calculate the remainder when 285 is divided by 13.
12
Calculate the remainder when 1227 is divided by 231.
72
What is the remainder when 9490 is divided by 47?
43
Calculate the remainder when 153088 is divided by 177.
160
Calculate the remainder when 5196 is divided by 834.
192
Calculate the remainder when 5567 is divided by 161.
93
What is the remainder when 24107 is divided by 986?
443
What is the remainder when 34140 is divided by 43?
41
What is the remainder when 18011 is divided by 219?
53
What is the remainder when 23898 is divided by 85?
13
What is the remainder when 2766 is divided by 919?
9
Calculate the remainder when 678814 is divided by 1069.
1068
What is the remainder when 31431 is divided by 48?
39
Calculate the remainder when 13668 is divided by 360.
348
Calculate the remainder when 157665 is divided by 7166.
13
What is the remainder when 62070 is divided by 142?
16
What is the remainder when 8219 is divided by 175?
169
What is the remainder when 88206 is divided by 29399?
9
Calculate the remainder when 203926 is divided by 341.
8
Calculate the remainder when 108040 is divided by 89.
83
What is the remainder when 7194 is divided by 15?
9
What is the remainder when 20398 is divided by 51?
49
Calculate the remainder when 497554 is divided by 755.
9
What is the remainder when 168253 is divided by 11?
8
What is the remainder when 605678 is divided by 226?
224
What is the remainder when 4604 is divided by 47?
45
What is the remainder when 1556 is divided by 461?
173
What is the remainder when 4461 is divided by 809?
416
Calculate the remainder when 9000 is divided by 409.
2
Calculate the remainder when 17157 is divided by 173.
30
What is the remainder when 1347122 is divided by 1259?
1251
What is the remainder when 111040 is divided by 1657?
21
Calculate the remainder when 1291 is divided by 64.
11
What is the remainder when 1122961 is divided by 561480?
1
Calculate the remainder when 609073 is divided by 225.
223
What is the remainder when 2192 is divided by 17?
16
What is the remainder when 459 is divided by 360?
99
Calculate the remainder when 2662 is divided by 443.
4
What is the remainder when 5563 is divided by 551?
53
What is the remainder when 87385 is divided by 10?
5
What is the remainder when 52321 is divided by 4731?
280
What is the remainder when 2660 is divided by 2075?
585
Calculate the remainder when 36609 is divided by 36594.
15
Calculate the remainder when 75080 is divided by 25.
5
Calculate the remainder when 3015 is divided by 750.
15
Calculate the remainder when 22987 is divided by 755.
337
Calculate the remainder when 12736 is divided by 109.
92
What is the remainder when 1584 is divided by 1215?
369
Calculate the remainder when 541639 is divided by 177.
19
What is the remainder when 6516 is divided by 387?
324
Calculate the remainder when 39273 is divided by 12.
9
What is the remainder when 1789 is divided by 265?
199
What is the remainder when 6683 is divided by 22?
17
Calculate the remainder when 28007 is divided by 245.
77
Calculate the remainder when 317971 is divided by 24455.
56
Calculate the remainder when 225826 is divided by 148.
126
Calculate the remainder when 3803 is divided by 123.
113
What is the remainder when 18139 is divided by 2572?
135
Calculate the remainder when 545 is divided by 295.
250
What is the remainder when 170689 is divided by 505?
504
What is the remainder when 29548 is divided by 1015?
113
What is the remainder when 10463 is divided by 103?
60
Calculate the remainder when 2643 is divided by 446.
413
Calculate the remainder when 5942 is divided by 311.
33
What is the remainder when 8567 is divided by 119?
118
Calculate the remainder when 16845 is divided by 3339.
150
Calculate the remainder when 6159 is divided by 20.
19
Calculate the remainder when 237165 is divided by 54.
51
What is the remainder when 440855 is divided by 11021?
15
What is the remainder when 521 is divided by 199?
123
What is the remainder when 8739 is divided by 2908?
15
Calculate the remainder when 2703 is divided by 450.
3
What is the remainder when 2622 is divided by 375?
372
Calculate the remainder when 5377 is divided by 65.
47
What is the remainder when 65957 is divided by 106?
25
Calculate the remainder when 6845 is divided by 1369.
0
What is the remainder when 20733 is divided by 128?
125
What is the remainder when 133 is divided by 72?
61
Calculate the remainder when 7277 is divided by 7133.
144
What is the remainder when 636974 is divided by 149?
148
What is the remainder when 54899 is divided by 97?
94
What is the remainder when 177881 is divided by 1210?
11
What is the remainder when 6471 is divided by 107?
51
What is the remainder when 21272 is divided by 733?
15
Calculate the remainder when 12407 is divided by 97.
88
What is the remainder when 1979 is divided by 39?
29
Calculate the remainder when 231733 is divided by 332.
329
What is the remainder when 22346 is divided by 251?
7
Calculate the remainder when 474 is divided by 55.
34
What is the remainder when 23998 is divided by 200?
198
What is the remainder when 1933 is divided by 1922?
11
Calculate the remainder when 153827 is divided by 37.
18
Calculate the remainder when 58989 is divided by 19661.
6
What is the remainder when 24255 is divided by 2204?
11
Calculate the remainder when 182 is divided by 14.
0
Calculate the remainder when 44270 is divided by 216.
206
What is the remainder when 811 is divided by 605?
206
What is the remainder when 206119 is divided by 103048?
23
What is the remainder when 303454 is divided by 116?
114
Calculate the remainder when 1430 is divided by 584.
262
What is the remainder when 2541 is divided by 59?
4
What is the remainder when 32120 is divided by 1687?
67
What is the remainder when 271427 is divided by 789?
11
What is the remainder when 10251 is divided by 784?
59
Calculate the remainder when 4704 is divided by 2254.
196
What is the remainder when 233455 is divided by 155?
25
Calculate the remainder when 149106 is divided by 142.
6
What is the remainder when 1453 is divided by 11?
1
Calculate the remainder when 33103 is divided by 41.
16
What is the remainder when 260291 is divided by 85?
21
Calculate the remainder when 12316 is divided by 586.
10
What is the remainder when 253064 is divided by 2365?
9
Calculate the remainder when 1389 is divided by 51.
12
What is the remainder when 4639 is divided by 73?
40
What is the remainder when 3446 is divided by 534?
242
Calculate the remainder when 